 45346. List the prime factors of j.
5, 317
Let j = -2032 - -1356. Let t = 1411 + j. List the prime factors of t.
3, 5, 7
Suppose -4*v - 2*x + 224320 = 0, -53*v + 56*v - 5*x - 168188 = 0. What are the prime factors of v?
2, 3, 4673
Let a be (-2)/9 + (-226473)/(-351). Let r = 1191 - a. What are the prime factors of r?
2, 3, 7, 13
What are the prime factors of 1196265/294 + (-10)/(-140)?
13, 313
Let g = -7330 - -46060. List the prime factors of g.
2, 3, 5, 1291
Suppose 4*p = -5*t + 23995, 0 = 48*p - 51*p + 4*t + 17973. List the prime factors of p.
5, 11, 109
Suppose 8048 = 12*n + 692. Let a = n - 422. List the prime factors of a.
191
Let x = -63 - -68. Suppose -x*l + 1160 = c + 4*c, 0 = -l - 5*c + 216. List the prime factors of l.
2, 59
Suppose -3 - 5 = a + t, -a + t - 2 = 0. Let j(i) = 444*i**2 + i - 1. Let d be j(-2). List the prime factors of 2/a + d/45.
3, 13
Suppose 0*z = -z + 3, 0 = 4*b + 2*z - 23830. Suppose 0 = 7*w + 482 - b. What are the prime factors of w?
2, 17, 23
Suppose -444 - 457 = -3*j + 530. List the prime factors of j.
3, 53
Let i(o) = -12*o - 201. Let f be i(-24). Suppose 0 = f*q - 84*q - 1911. List the prime factors of q.
7, 13
Let y be (33 - 21)*3849/6. Suppose -17*o + y = -9030. List the prime factors of o.
2, 3, 41
Suppose 2*a - 421 = 13. Let s = 393 - a. List the prime factors of s.
2, 11
Suppose 2*h - 1220 = -4*w, 5*w - 1470 = -3*h + 53. Suppose 0 = -306*f + w*f - 159. What are the prime factors of f?
3, 53
Suppose 0 = 3*o - 32*o + 91669. What are the prime factors of o?
29, 109
Suppose -64*t = -103*t + 87828. List the prime factors of t.
2, 563
Suppose -8*w + 12*w - 3*i = 33745, 10*w = -4*i + 84420. What are the prime factors of w?
2, 5, 211
Let q = -26 + 39. Suppose q - 121 = -2*u. Suppose -7*h + 100 = -5*h - 4*o, -4*o - u = -h. List the prime factors of h.
2, 23
Let m(v) = 37*v**2 + 41*v - 353. What are the prime factors of m(19)?
7, 11, 179
Let p(x) = 104*x**2 + 11*x + 3. Let l be p(-7). Suppose 74*y - l = 68*y. List the prime factors of y.
3, 31
Let m be -13*(2 + -31) - 1. Suppose 0 = 37*y - 96 - 52. Suppose -779 = -y*d + 5*o, 3*d - d = -2*o + m. List the prime factors of d.
191
List the prime factors of ((-109)/654)/(2/6)*-52780.
2, 5, 7, 13, 29
Suppose -7*c - 6542 + 16783 = 0. Suppose -14*v + 721 = -c. List the prime factors of v.
2, 3, 13
Let g = 112887 - 55363. What are the prime factors of g?
2, 73, 197
Suppose 4*l = -3*r + 1636, 4*l = 4*r + 374 + 1290. Suppose -2*j + 126 - l = 0. Let t = 211 + j. List the prime factors of t.
2, 17
Suppose 0 = -m + 97 + 103. Suppose h + 4*h = m. Suppose -k - z + h = -3*z, -5*k = -3*z - 228. List the prime factors of k.
2, 3
Let t = 7 - -16. Suppose t*b = 6399 + 2962. List the prime factors of b.
11, 37
Suppose 4*v = -5*r + 28, v = -4*r + 4*v + 10. Suppose -5*q = r*p - 1274, -2*q - 2*p = -498 - 12. List the prime factors of q.
2, 127
Let c = -1994 - -2057. List the prime factors of c.
3, 7
Let z be (-5)/(40/4)*0. Suppose z = 2*x - 10 + 6. What are the prime factors of 45 - 1 - (x + -1)?
43
Let d be (1 + 14)/((-916)/184 - -5). Let c = -153 + d. List the prime factors of c.
3, 179
Let a(b) = -2288*b - 1710. List the prime factors of a(-2).
2, 1433
Suppose -5*u - 26945 = -5*o, -3*u - 12662 - 14271 = -5*o. What are the prime factors of o?
7, 769
Let w = -21 - 271. Let s = w + 434. List the prime factors of s.
2, 71
Let b be (-24)/10 - -2 - (-81)/15. Suppose b*f - 2*f - 5*m - 700 = 0, -2*m - 1135 = -5*f. List the prime factors of f.
3, 5
Suppose -136 - 84 = -5*v. Suppose 3*l - v = 2944. What are the prime factors of l?
2, 3, 83
Let u(m) = -6*m + 33. Suppose -1 + 177 = 8*x. Let h be u(x). Let s = h - -202. List the prime factors of s.
103
Let h(m) = -7*m**2 - 155*m - 20. Let a be h(-22). Suppose 4*b + 519 + 997 = 2*g, -a*b = 3*g - 2242. What are the prime factors of g?
2, 3, 5
Suppose 0 = -5*k - 2*x - 51, 2*k + 2*k = x - 46. Let b = -7 - k. Suppose 3*y - 3*g = -y + 123, 0 = b*g + 20. What are the prime factors of y?
3
Let g(c) = 2*c**3 - 31*c**2 + 605. What are the prime factors of g(22)?
3, 11, 19
Let l be (-12)/16 + 2325/12. Let p = 112 - l. Let u = 137 + p. What are the prime factors of u?
2, 7
Let g = 64 - 62. Let b(r) = 21*r - 6*r + 10 + 4*r + 14*r + 25*r**g - r**3. What are the prime factors of b(26)?
2, 3
Suppose -2*y - 4*b + 4880 = 0, -2*b - 502 - 4360 = -2*y. Let f = y + -1334. List the prime factors of f.
2, 5, 11
Let w(r) = -r**3 - 5*r**2 - 2*r - 3. Suppose -82 = -18*d - 10. Suppose 37 = -d*v + 13. What are the prime factors of w(v)?
3, 5
Let j be 0/(-3) - (-7 + 63). Let a = -53 - j. Let k(h) = 5*h**3 - h**2 + 5*h. What are the prime factors of k(a)?
3, 47
Let j(b) = -b**3 - 24*b**2 + 24*b - 16. Let c be j(-25). Suppose -c*s + 73 = -1520. What are the prime factors of s?
3, 59
Let u(f) = -f**3 - 7*f**2 + 8*f - 6. Let m be u(-8). List the prime factors of ((-82)/(-5) + m)/((-1)/(-5)).
2, 13
Let r(c) = 28*c**2 + 9*c + 124. What are the prime factors of r(8)?
2, 7, 71
Let b be ((12/10)/(-1))/(19/95). List the prime factors of ((-2)/b)/(11*(-9)/(-594)).
2
Suppose -4*p - 104*q + 194688 = -108*q, -p + 48640 = -5*q. List the prime factors of p.
2, 5, 1217
List the prime factors of (-67*362 - -7)/(-26 - -25).
24247
Let q = -208 - -202. What are the prime factors of (q + 0)*(-2941)/51?
2, 173
Suppose 6*k + 2 = 14. Let f(y) = 19 + 2 + y**k - 3 + 14*y. What are the prime factors of f(-14)?
2, 3
Suppose -9*z + 489 = 84. Let k = 70 + z. Suppose -5*i + 2*o + 185 = 0, -5*o = 5*i - i - k. What are the prime factors of i?
5, 7
Let u = -64 - -67. Let m(k) = u + 8 - 16*k - 14. List the prime factors of m(-6).
3, 31
Suppose 3*r = r + 3*k + k + 29662, k = 0. List the prime factors of r.
14831
What are the prime factors of 24/10*((4 - 16) + 4902)?
2, 3, 163
Let l = -279 - -293. Suppose 0 = -t - 3*m + 286, 16*t + 3*m - 578 = l*t. List the prime factors of t.
2, 73
Let o(n) = -1159*n + 1867. List the prime factors of o(-9).
2, 11, 13, 43
Let f be 6 + (-7 + 9)*6/(-4). Suppose 0 = z - f*r + 2*r + 10, -2 = 3*z + 4*r. List the prime factors of z/36 - 998/(-12).
83
Suppose 0*w + 4 = -2*g + 2*w, -w = 5*g + 34. List the prime factors of 14/g*(27 + -318).
7, 97
Suppose -5*m + 1133 = 373. Let g be 3/7 - (-26316)/(-252). Let y = m + g. What are the prime factors of y?
2, 3
Suppose -3*z + 2*z - 35 = -4*s, -3*z - 49 = -5*s. Suppose -182 = s*l - 3654. What are the prime factors of l?
2, 7, 31
Let b = 285 + -999. Let t = b + 1303. What are the prime factors of t?
19, 31
Let q = 6728 - 963. What are the prime factors of q?
5, 1153
Suppose -3*q = 2*z + 52 - 198, -2*q + 3*z = -80. Let r be (-3 + -4)/7 - -3. Suppose 3*c - 4*w = 7*c - 36, -r*c + 5*w = -q. What are the prime factors of c?
13
Let x be (-1)/2 + 36/8. Suppose -2 = u - x, -3*b + 22 = -4*u. Suppose 3*h - b = -y, 4*h - y - 14 = h. What are the prime factors of h?
2
Let j = -17014 + 37602. List the prime factors of j.
2, 5147
Let y(k) = 2*k**2 - 2*k - 20. Let l be y(-3). Suppose -3*x + 91 = w - 697, -l*x = 5*w - 1047. List the prime factors of x.
263
Suppose 0 = -56*l + 389293 - 33357. List the prime factors of l.
2, 7, 227
Suppose -3*v = 3*v - 6. What are the prime factors of v/5 - (-19818)/135?
3, 7
Let u = 15045 + -9272. List the prime factors of u.
23, 251
Let z be 5/(30/(-792)) + -3. Let q = z + 368. List the prime factors of q.
233
Let t(x) = -3*x**2 + x - 17. Let c(d) = d**2 + 1. Let z(q) = -3*c(q) + t(q). Let v(u) be the first derivative of z(u). What are the prime factors of v(-5)?
61
Suppose -1350 = -3*n + 2*d, -11*n - 3*d = -12*n + 464. What are the prime factors of n?
2, 223
Let j(m) = 275*m**2 + 8*m + 12. Suppose 6 = 13*k - 11*k + 2*n, 0 = 3*n - 15. What are the prime factors of j(k)?
2, 137
Let m be (-8)/(-28) + 12/(-7)*-1. Suppose m*j = 20 - 12. Suppose 4*r - 294 = -3*s, 2*s = -0*r - j*r + 292. List the prime factors of r.
2, 3
Let i = -1539 + 2791. Let v = i - 327. List the prime factors of v.
5, 37
Let t(o) = -2*o**3 - 16*o**2 - 75*o - 101. List the prime factors of t(-18).
59, 131
Let f = -94 - -100. Suppose 4*m + 2039 = f*m - 5*j, -2069 = -2*m - j. Suppose 5*k - 413 = m. What are the prime factors of k?
17
Suppose 3*w - 13516 = -2*p, 2*p = 2*w - 2981 - 6023. What are the prime factors of w?
2, 563
Let k(r) = r**2 + 14*r + 59. Let p(i